it of t?
4
Let p = 8931 + 1065. What is the units digit of p?
6
Suppose 4*f - 89205 = -5*k, 189*k - 188*k - 3*f = 17822. What is the hundreds digit of k?
8
Suppose 26*u - 9 = 23*u, -2*u = -2*i + 11906. What is the thousands digit of i?
5
Suppose -2*r + 0*r + 0*r = 0. Suppose 169 = -r*d + d. Let n = d - 99. What is the tens digit of n?
7
Suppose 46837 = 16*s - 90619. What is the tens digit of s?
9
Let x(s) = s**2 - 6*s - 6. Let k be x(7). What is the units digit of 1167 - 5 - (-1 - 2)*k?
5
Suppose -6*l - 673 - 461 = 0. Let t = l + 350. What is the units digit of t?
1
Let w = 77 + 372. Suppose p + 4*z = 232, -2*p - 5*z + w = -2*z. What is the hundreds digit of p?
2
Let c(v) be the first derivative of v**4/4 + 8*v**3/3 - v**2/2 - 6*v + 25. What is the units digit of c(7)?
2
What is the hundreds digit of 3*29444*9/108?
3
Let h be 4/(-6) + -1*(-12)/(-9). Let b(x) = -35*x**3 - 5*x**2 - 9*x - 4. What is the hundreds digit of b(h)?
2
Suppose -3*t - 5*p - 6036 = 0, 5*t - 2*p + 3192 = -6899. Let q be (-2)/(-14) + t/7. What is the units digit of (q/(-20))/((-2)/(-10))?
2
Let g(s) = 8653*s**2 + 379*s - 381. What is the hundreds digit of g(1)?
6
Let h = 19838 + 22596. What is the hundreds digit of h?
4
Suppose -16 = -9*n + n. Suppose -3*q + 2*h + h = -30, 0 = -q - 2*h - n. Suppose -q*o + 98 = o. What is the units digit of o?
4
Suppose 7*c - 2*u - 13 = 4*c, 0 = -5*c + 3*u + 23. Suppose c*m = -8*m + 10380. Suppose 0 = -5*h - 2*d + 1153, h + 2*h - m = -d. What is the hundreds digit of h?
2
Let c = -66878 + 95255. What is the hundreds digit of c?
3
Let m = -57 - -86. Let d = 38 - m. Suppose -246 = d*t - 12*t. What is the tens digit of t?
8
Let j(v) = -5*v**3 - 12*v**2 - 30*v + 67. What is the hundreds digit of j(-5)?
5
Let i(f) = 6*f**3 - f**2 + f. Let v be i(1). Let k be v*-1*((-22)/4 + 5). Suppose 0*r = k*r + w - 353, 5*w = 2*r - 224. What is the units digit of r?
7
Let n be -535 + ((-24)/20)/((-6)/20). Let b = n - -890. What is the hundreds digit of b?
3
Let o(n) = 0*n**2 - 997 + 117*n + 1153 + 3*n**2. What is the units digit of o(-50)?
6
Let j be 4 + -2 - -4*19. What is the hundreds digit of j/(-52) + (-1474)/(-4)?
3
What is the thousands digit of (-2271148)/(-568) + (-1 - 2/(-4))?
3
Let m = 942 - 579. Suppose -2*p + m = 5*q, -4*p + 786 = q - 3*q. What is the hundreds digit of p?
1
Suppose -3*x - 6*s + 14541 = 0, x - 24*s + 27*s - 4848 = 0. What is the thousands digit of x?
4
Suppose -21*h = -23*h + 18. Suppose -11*u = -57 - h. Let w = 79 - u. What is the tens digit of w?
7
Suppose 32*d = 18*d + 42. Suppose 0 = -k - 5*n + 6*n + 387, d*k + n = 1141. What is the tens digit of k?
8
Let m(o) = o**3 + 2*o**2 - 101*o - 83. What is the hundreds digit of m(19)?
5
Suppose 24*t - 126468 = 7*t + 119437. What is the ten thousands digit of t?
1
Let c = -1828 - -24139. What is the tens digit of c?
1
Let k(o) = -40*o**3 - 7*o**2 - o + 3. What is the tens digit of k(-4)?
5
Let c(i) = 3*i - 4. Let s be c(2). Let y(f) = f + 40 - 2*f**2 - 2*f**2 - 7*f**2 + 10*f**s + f**3. What is the units digit of y(0)?
0
Let t(n) = n**3 + 18*n**2 - 38*n - 26. Let x = 255 - 274. What is the tens digit of t(x)?
3
Let b(c) = c**2 - 18*c - 63. Let y be b(21). Suppose -4*t + 302 = -k - 758, -t - 5*k + 265 = y. What is the hundreds digit of t?
2
Let m(j) = 872*j - 39. Let b = 536 - 535. What is the units digit of m(b)?
3
Suppose -2*i + 41 = 5*g, -2*i + 3*g = -7*i + 55. Suppose i*l = -13 + 197. What is the tens digit of l?
2
Let q(p) = 27*p**2 + p. Let r be q(1). Suppose 3*n + 4*d + 7 = 0, 2*d - 28 + 24 = 0. Let h = r + n. What is the units digit of h?
3
Let r(c) = -256*c + 1217. What is the thousands digit of r(-23)?
7
Suppose 0 = -3*m, 2*x + 3*m - 4780 = 4362. What is the thousands digit of x?
4
Suppose 2*l - 612 = 2*t, 5*l + 5*t - t - 1485 = 0. Suppose -9 - l = -w. Suppose -509 = -4*o + 4*a - 93, 5*a = 3*o - w. What is the units digit of o?
5
Let x = -21897 - -31773. What is the hundreds digit of x?
8
Let y = -5446 + 13514. What is the hundreds digit of y?
0
Suppose -4*t = a - 17, 8*t - a - 1 = 6*t. Suppose 7*n - 3*q - 3829 = 3*n, -2863 = -t*n + 4*q. What is the units digit of n?
1
Suppose 6*y - 4*y = 116. Suppose 4*l - y - 194 = 0. What is the tens digit of -6*(l/(-6) - -5)?
3
Suppose -12*w - 10464 = 12*w. Let p = w + 743. What is the hundreds digit of p?
3
Let w = -535 - -597. Suppose -5*h - 30951 = -w*h. What is the tens digit of h?
4
Suppose 8*m = 47 - 183. Suppose -r - 2080 = 3*r. What is the units digit of r/(-85) + 2/m?
6
Let o(a) = 118*a - 19. Let b = -107 - -111. What is the tens digit of o(b)?
5
Suppose 12*o - 10*o = -6. Let r be (4/6)/(o/(-9) + -1). What is the tens digit of r + 68 + (-4)/(-1)?
7
Let z = -740 - -3738. What is the thousands digit of z?
2
Suppose -33*i - 3700368 = -44*i - 115*i. What is the ten thousands digit of i?
2
Let z(t) = t - 2*t + 2 + 2*t + 7. Let v be z(6). Suppose -3*w + 84 = -3*o, -w = 5*o - 31 - v. What is the units digit of w?
1
Let u(c) = c**3 + 7*c**2 + 5*c - 6. Let d be u(-6). Suppose -3*n = 2*m - 103, d*m - 123 = -3*n + 3*m. What is the units digit of n?
7
Suppose -o - 13*s + 3042 = -12*s, 0 = -o - 2*s + 3036. What is the units digit of o?
8
Let u be (60/(-9)*8)/(24/(-792)). Let w = u - 847. What is the hundreds digit of w?
9
Let n(f) be the second derivative of -f**3 - 8*f**2 - 21*f. What is the units digit of n(-6)?
0
Let y(l) = -l**3 - 40*l**2 + 16*l + 173. Suppose 70*f - 67*f + 123 = 0. What is the tens digit of y(f)?
9
What is the hundreds digit of 6*(636012/24)/13?
2
Let f = 90 + -72. Let h(m) = m**2 - f - 482*m + 482*m. What is the tens digit of h(9)?
6
Let i = -4431 - -9559. What is the thousands digit of i?
5
Let q = 25055 + -3496. What is the hundreds digit of q?
5
What is the tens digit of 31076/(22 + -18) + -3*(-2)/(-3)?
6
What is the hundreds digit of 16/(-4)*1839/(-6)?
2
Let p be (5/4)/((-7)/(-56)). Let g(b) = 3*b - 11. Let y be g(4). Let r = p + y. What is the tens digit of r?
1
Let p = 22 - 19. Suppose -338 = 3*u + w - 974, -p*w - 861 = -4*u. Suppose -i = 4*r - 285, -5*r - i + u = -2*r. What is the units digit of r?
2
Suppose 112*w - 62*w - 4*w = 305992. What is the hundreds digit of w?
6
Let a be ((-4)/14)/((-8)/28). Let i be a/((-2)/4) - (8 + -8). What is the tens digit of ((-153)/2)/(i/4)?
5
Let x be (3 + (-65)/15)*-8*3. Let n(m) = 15*m + 127. What is the hundreds digit of n(x)?
6
Let o = -1 - -43. Let y = 338 - o. What is the tens digit of y?
9
Let z(k) be the third derivative of -3*k**4/4 + 11*k**3/2 - 65*k**2. What is the tens digit of z(-15)?
0
Let a be (0 - 6)/(63/12 - 6). What is the hundreds digit of 2190/(-8)*(a/(-12) + -2)?
7
What is the ten thousands digit of (240816/32)/((-2)/(-4))?
1
Suppose -137*n + 926700 = -1455182. What is the units digit of n?
6
Suppose c = -5*s - 14, 84*c + 73 = 82*c - s. Suppose 2*d - 6*d = 432. Let i = c - d. What is the tens digit of i?
6
What is the hundreds digit of (34041/14)/(9/60)?
2
Let c(t) = t**3 - 4*t**2 - t. Let k be c(4). Let z = k + -17. Let q(a) = -5*a + 25. What is the units digit of q(z)?
0
Let p = -15 - 12. Let o = 119 + p. Let j = -40 + o. What is the tens digit of j?
5
Suppose -20637 = 33*m - 138480. What is the units digit of m?
1
Let c(m) = 10*m**3 - 17*m**2 - 17*m + 172. What is the units digit of c(8)?
8
Suppose -4*x - 119 = -11*x. Let f(w) = -w**3 + 17*w**2 + w - 15. Let s be f(x). Suppose -s*k - 2*k = -g - 227, 3*k = -5*g + 176. What is the tens digit of k?
5
Let k(c) = -16*c**2 + c. Let w be k(1). Suppose 48*z - 49*z = -4. What is the tens digit of z + ((-18)/w)/((-4)/(-620))?
9
What is the tens digit of 4/((-13 + 17)*(-1)/(-7451))?
5
Let i(k) = -193*k + 537. Let s be i(6). What is the hundreds digit of (-3 - (-5 + 3))*s - -6?
6
Suppose -5*v - 7 = -t + 10, -5*t - 5*v = 5. Suppose d = 2, -t*l + 1 = 3*d + 7. Let p(q) = -2*q**3 - 10*q**2 + 3*q + 2. What is the units digit of p(l)?
6
Suppose 43302 = 33*z - 27780. Suppose -5*l + z = 669. What is the units digit of l?
7
Let d = 49115 - 30250. What is the hundreds digit of d?
8
Suppose -s - 57825 = -3*o, -5*s + 19275 = 20*o - 19*o. What is the thousands digit of o?
9
Let t be (770/(-22))/((-2)/12). Let w = t + -140. What is the tens digit of w?
7
Suppose 20 + 0 = 5*c, 4*l - 4*c + 16 = 0. Suppose l = 6*t - 11*t + 3*s - 611,